{"id":115,"date":"2009-11-06T15:13:49","date_gmt":"2009-11-06T18:13:49","guid":{"rendered":"http:\/\/www.sbch.cl\/sitio\/?page_id=115"},"modified":"2025-07-30T12:55:31","modified_gmt":"2025-07-30T16:55:31","slug":"ventas-biblias-sucursales","status":"publish","type":"page","link":"https:\/\/www.sbch.cl\/sitio\/nosotros\/ventas-biblias-sucursales\/","title":{"rendered":"Sucursales ventas"},"content":{"rendered":"<p><a href=\"https:\/\/i0.wp.com\/www.sbch.cl\/sitio\/wp-content\/archivos\/imagen-logo_sbch-05-05-1.jpg?ssl=1\"><img data-recalc-dims=\"1\" loading=\"lazy\" decoding=\"async\" class=\"alignleft size-medium wp-image-13039\" src=\"https:\/\/i0.wp.com\/www.sbch.cl\/sitio\/wp-content\/archivos\/imagen-logo_sbch-05-05-1.jpg?resize=300%2C300&#038;ssl=1\" alt=\"\" width=\"300\" height=\"300\" srcset=\"https:\/\/i0.wp.com\/www.sbch.cl\/sitio\/wp-content\/archivos\/imagen-logo_sbch-05-05-1.jpg?resize=300%2C300&amp;ssl=1 300w, https:\/\/i0.wp.com\/www.sbch.cl\/sitio\/wp-content\/archivos\/imagen-logo_sbch-05-05-1.jpg?resize=150%2C150&amp;ssl=1 150w, https:\/\/i0.wp.com\/www.sbch.cl\/sitio\/wp-content\/archivos\/imagen-logo_sbch-05-05-1.jpg?resize=768%2C768&amp;ssl=1 768w, https:\/\/i0.wp.com\/www.sbch.cl\/sitio\/wp-content\/archivos\/imagen-logo_sbch-05-05-1.jpg?resize=1024%2C1024&amp;ssl=1 1024w, https:\/\/i0.wp.com\/www.sbch.cl\/sitio\/wp-content\/archivos\/imagen-logo_sbch-05-05-1.jpg?w=1668&amp;ssl=1 1668w\" sizes=\"auto, (max-width: 300px) 100vw, 300px\" \/><\/a>Estamos presente con\u00a0 tiendas b\u00edblicas y promotores que vistitan a lo largo de Chile. Tenemos diversos recursos cristianos a la venta como Biblia Reina Valera 1960 Letra Grande, libros de estudio, devocionales, comentarios b\u00edblicos, concordancias, diccionarios, calendarios, agendas, obsequios para ni\u00f1os y accesorios. Adem\u00e1s all\u00ed puede consultar sobre nuestros proyectos sociales, sobre las exposiciones b\u00edblicas para su iglesia e informaci\u00f3n sobre la Biblia.<\/p>\n<p>Tenemos variedad de Biblias como la de Estudio Teol\u00f3gico, de referencias Thompson, Diario Vivir, Plenitud, Vida Plena, Arcoiris, McArthur, con bosquejos de predicaci\u00f3n, de estudio de mujer, biblias devocionales, Biblia Comic en Acci\u00f3n, entre otros.<\/p>\n<p>&nbsp;<\/p>\n<p><strong>Centros de recursos para la Misi\u00f3n\u00a0por regi\u00f3n<\/strong><\/p>\n<p><strong>Venta tienda virtual <a href=\"https:\/\/tienda.sbch.cl\/\">tienda.sbch.cl <\/a><\/strong>nv\u00edo por Starken, Bluexpress a todo Chile)<\/p>\n<p>Tienda en <a href=\"https:\/\/eshops.mercadolibre.cl\/sociedadbiblica\">Mercado Libre<\/a><\/p>\n<p>&nbsp;<\/p>\n<p><strong>Ventas mayoristas<\/strong>\u00a0ventas corporativas\u00a0 Marcelo Mill\u00e1n. <a href=\"mailto:distribucion@sbch.cl\">distribuci\u00f3n@sbch.cl<\/a>l<\/p>\n<p><strong>Santiago<br \/>\n<\/strong><\/p>\n<p>WhatsApp\u00a0 tel:+562237812600\u00a0\u00a0Env\u00edenos su mensaje de texto o deje un audio<\/p>\n<p><strong>CASA CENTRAL (S. B\u00edblica).<\/strong> Serrano 24 Santiago. Metro \u00a0U. de Chile. (Lunes a viernes 9:45 a 18:15 horas, S\u00e1bado 11 a 14 horas) Fono: <a href=\"tel:56223781601\">+56223781601<\/a> \/\u00a0\u00a0<a href=\"https:\/\/www.google.cl\/maps\/place\/Serrano+24,+Santiago,+Regi%C3%B3n+Metropolitana\/@-33.4442576,-70.6494406,17z\/data=!3m1!4b1!4m2!3m1!1s0x9662c5a0ec95d09d:0x482f30039fc1fcbe\" target=\"_blank\" rel=\"noopener noreferrer\">Mapa de ubicaci\u00f3n <\/a><\/p>\n<p><strong>MONJITAS.(S. B\u00edblica)<\/strong> \u00a0Monjitas 825, local 534\u00a0 (Lunes a Viernes 9:30 a 18:15 horas, s\u00e1bado de 10:45 a 13:30 horas) &#8211; Fono: <a href=\"tel:+56223781623\">+56223781623\u00a0<\/a>\u00a0 \/ <a href=\"https:\/\/www.google.cl\/maps\/place\/Monjitas+825,+Santiago,+Regi%C3%B3n+Metropolitana\/@-33.4370841,-70.6489796,17z\/data=!3m1!4b1!4m2!3m1!1s0x9662c5a3044c7ea1:0x41b678cc6bc98924\" target=\"_blank\" rel=\"noopener noreferrer\">Mapa de ubicaci\u00f3n<\/a><\/p>\n<p>&nbsp;<\/p>\n<p>&nbsp;<\/p>\n<p><strong>Regiones<\/strong><\/p>\n<p><strong>LA SERENA\u00a0 (S. B\u00edblica)<\/strong> Cordovez: 540, local 117 y 120, Galeria Buale, La Serena.\u00a0Fono:223781626. +569 42719566.\u00a0 Lunes a viernes de 10 a 18:30. S\u00e1bado: 10:30 a 13:30<\/p>\n<p><strong>CONCEPCION: (S. B\u00edblica)<\/strong> a Freire 522, local 01 &#8211; Fono: <a href=\"tel:+56223781628\">+223781628<\/a>\u00a0 \/ <a href=\"https:\/\/www.facebook.com\/sociedadbiblicachilena.concepcion\" target=\"_blank\" rel=\"noopener noreferrer\">Facebook sucursal Concepci\u00f3n<\/a> \/\u00a0<a href=\"https:\/\/www.google.cl\/maps\/place\/Freire+522,+Concepci%C3%B3n,+Biob%C3%ADo\/@-36.8261688,-73.0524263,17z\/data=!3m1!4b1!4m2!3m1!1s0x9669b5da9ff19791:0x36a54b29af8d4ea9\" target=\"_blank\" rel=\"noopener noreferrer\">Mapa de ubicaci\u00f3n<\/a><\/p>\n<p><strong>TEMUCO: (S. B\u00edblica) <\/strong>Bulnes 150 &#8211; Fono: <a href=\"tel:+56223781629\">+56223781629<\/a> \/\u00a0<a href=\"https:\/\/www.facebook.com\/sociedadbiblicachilena.temuco\" target=\"_blank\" rel=\"noopener noreferrer\">Facebook sucursal Temuco<\/a> \/\u00a0<a href=\"https:\/\/www.google.cl\/maps\/place\/Manuel+Bulnes+150,+Temuco,+Araucan%C3%ADa\/@-38.7313061,-72.5873309,17z\/data=!3m1!4b1!4m2!3m1!1s0x9614d3c3bfa86401:0xafb015c759c300a7\" target=\"_blank\" rel=\"noopener noreferrer\">Mapa de ubicaci\u00f3n<\/a><\/p>\n<p><strong>PUERTO MONTT: (S. B\u00edblica)<\/strong> Benavente 531 local 31 Fono: <a href=\"tel:+56223781624\">+56223781624<\/a>\u00a0 \/ <a href=\"https:\/\/www.facebook.com\/sbchpuertomontt\/\">Facebook<\/a> \/\u00a0\u00a0<a href=\"https:\/\/www.google.cl\/maps\/place\/Benavente+531,+Puerto+Montt,+Los+Lagos\/@-41.4712996,-72.9423016,17z\/data=!3m1!4b1!4m2!3m1!1s0x96183a53b08cc52d:0x513333420fb28e52\" target=\"_blank\" rel=\"noopener noreferrer\">Mapa de ubicaci\u00f3n<\/a><\/p>\n<p>&nbsp;<\/p>\n<p><strong>Promotores de la causa b\u00edblica por regi\u00f3n<\/strong><\/p>\n<p>Eduardo Ca\u00f1ete &#8211; eduardocm@sbch.cl +56990514475 Regi\u00f3n Metropolitana<\/p>\n<div><\/div>\n<div>Leonel Aguayo &#8211; leonel@sbch.cl &#8211; +56990514416.\u00a0 Araucan\u00eda, Los Lagos, Los R\u00edos.<\/div>\n<div><\/div>\n<p>Supervisor de Centro de recursos para la misi\u00f3n: Marcelo Mill\u00e1n<\/p>\n<p><strong>Distribuci\u00f3n de Escrituras. <\/strong>\u00bfEres librero o quieres instalar un local? \u00bfquieres ser colportor y vender biblias en su iglesia? \u00bfNecesita b\u00edblicas econ\u00f3micas para evangelismo? \u00a0Escr\u00edbenos usando el <a href=\"http:\/\/www.sbch.cl\/sitio\/contacto\/\">formulario<\/a><\/p>\n<p style=\"text-align: center;\"><strong>\u00a0<\/strong><\/p>\n","protected":false},"excerpt":{"rendered":"<p>Estamos presente con\u00a0 tiendas b\u00edblicas y promotores que vistitan a lo largo de Chile. Tenemos diversos recursos cristianos a la venta como Biblia Reina Valera 1960 Letra Grande, libros de estudio, devocionales, comentarios b\u00edblicos, concordancias, diccionarios, calendarios, agendas, obsequios para &hellip; <a class=\"kt-excerpt-readmore\" href=\"https:\/\/www.sbch.cl\/sitio\/nosotros\/ventas-biblias-sucursales\/\" aria-label=\"Sucursales ventas\">Read More<\/a><\/p>\n","protected":false},"author":2,"featured_media":10255,"parent":42,"menu_order":6,"comment_status":"closed","ping_status":"closed","template":"","meta":{"jetpack_post_was_ever_published":false,"footnotes":""},"class_list":["post-115","page","type-page","status-publish","has-post-thumbnail","hentry"],"jetpack_shortlink":"https:\/\/wp.me\/PInKk-1R","jetpack_sharing_enabled":true,"_links":{"self":[{"href":"https:\/\/www.sbch.cl\/sitio\/wp-json\/wp\/v2\/pages\/115","targetHints":{"allow":["GET"]}}],"collection":[{"href":"https:\/\/www.sbch.cl\/sitio\/wp-json\/wp\/v2\/pages"}],"about":[{"href":"https:\/\/www.sbch.cl\/sitio\/wp-json\/wp\/v2\/types\/page"}],"author":[{"embeddable":true,"href":"https:\/\/www.sbch.cl\/sitio\/wp-json\/wp\/v2\/users\/2"}],"replies":[{"embeddable":true,"href":"https:\/\/www.sbch.cl\/sitio\/wp-json\/wp\/v2\/comments?post=115"}],"version-history":[{"count":17,"href":"https:\/\/www.sbch.cl\/sitio\/wp-json\/wp\/v2\/pages\/115\/revisions"}],"predecessor-version":[{"id":15967,"href":"https:\/\/www.sbch.cl\/sitio\/wp-json\/wp\/v2\/pages\/115\/revisions\/15967"}],"up":[{"embeddable":true,"href":"https:\/\/www.sbch.cl\/sitio\/wp-json\/wp\/v2\/pages\/42"}],"wp:featuredmedia":[{"embeddable":true,"href":"https:\/\/www.sbch.cl\/sitio\/wp-json\/wp\/v2\/media\/10255"}],"wp:attachment":[{"href":"https:\/\/www.sbch.cl\/sitio\/wp-json\/wp\/v2\/media?parent=115"}],"curies":[{"name":"wp","href":"https:\/\/api.w.org\/{rel}","templated":true}]}}