{"id":11251,"date":"2017-09-27T19:56:14","date_gmt":"2017-09-27T22:56:14","guid":{"rendered":"http:\/\/www.sbch.cl\/sitio\/?page_id=11251"},"modified":"2020-03-24T11:56:41","modified_gmt":"2020-03-24T14:56:41","slug":"la-biblia","status":"publish","type":"page","link":"https:\/\/www.sbch.cl\/sitio\/la-biblia\/","title":{"rendered":"La Biblia"},"content":{"rendered":"<h3><a href=\"https:\/\/www.sbch.cl\/sitio\/seccion\/versiculos-por-tema\/\">Vers\u00edculos por Tema<\/a><\/h3>\n<h3><\/h3>\n<h3><a href=\"https:\/\/www.sbch.cl\/sitio\/nosotros\/distribucion-e-idiomas\/\">Distribuci\u00f3n e idiomas de la Biblia<\/a><\/h3>\n<h3><\/h3>\n<h3><a href=\"https:\/\/www.sbch.cl\/sitio\/seccion\/ciencias-biblicas\/\">Ciencias B\u00edblicas<\/a><\/h3>\n<h3><\/h3>\n<h3><a href=\"http:\/\/www.sbch.cl\/sitio\/2011\/solicita-una-exposicion-biblica-para-tu-lugar\/\">Exposici\u00f3n de Biblias<\/a><\/h3>\n<h3><\/h3>\n<h3><a href=\"http:\/\/www.sbch.cl\/sitio\/2010\/historia-de-la-primera-biblia-en-espanol-en-1569\/\">La Biblia en espa\u00f1ol<\/a><\/h3>\n<h3><\/h3>\n<h3><a href=\"http:\/\/www.sbch.cl\/sitio\/multimedia\/videos\/\">Videos sobre la traduci\u00f3n y la Biblia<\/a><\/h3>\n<h3><\/h3>\n<h3><a href=\"http:\/\/www.sbch.cl\/sitio\/multimedia\/presentacion-de-productos\/\">Presentaci\u00f3n de Biblias especializadas<\/a><\/h3>\n<h3><\/h3>\n<h3><a href=\"http:\/\/www.sbch.cl\/sitio\/multimedia\/permisos-de-uso\/\">Permiso de uso de la Biblia<\/a><\/h3>\n","protected":false},"excerpt":{"rendered":"<p>Vers\u00edculos por Tema Distribuci\u00f3n e idiomas de la Biblia Ciencias B\u00edblicas Exposici\u00f3n de Biblias La Biblia en espa\u00f1ol Videos sobre la traduci\u00f3n y la Biblia Presentaci\u00f3n de Biblias especializadas Permiso de uso de la Biblia<\/p>\n","protected":false},"author":2,"featured_media":0,"parent":0,"menu_order":0,"comment_status":"closed","ping_status":"closed","template":"","meta":{"jetpack_post_was_ever_published":false,"footnotes":""},"class_list":["post-11251","page","type-page","status-publish","hentry"],"jetpack_shortlink":"https:\/\/wp.me\/PInKk-2Vt","jetpack_sharing_enabled":true,"_links":{"self":[{"href":"https:\/\/www.sbch.cl\/sitio\/wp-json\/wp\/v2\/pages\/11251","targetHints":{"allow":["GET"]}}],"collection":[{"href":"https:\/\/www.sbch.cl\/sitio\/wp-json\/wp\/v2\/pages"}],"about":[{"href":"https:\/\/www.sbch.cl\/sitio\/wp-json\/wp\/v2\/types\/page"}],"author":[{"embeddable":true,"href":"https:\/\/www.sbch.cl\/sitio\/wp-json\/wp\/v2\/users\/2"}],"replies":[{"embeddable":true,"href":"https:\/\/www.sbch.cl\/sitio\/wp-json\/wp\/v2\/comments?post=11251"}],"version-history":[{"count":3,"href":"https:\/\/www.sbch.cl\/sitio\/wp-json\/wp\/v2\/pages\/11251\/revisions"}],"predecessor-version":[{"id":13344,"href":"https:\/\/www.sbch.cl\/sitio\/wp-json\/wp\/v2\/pages\/11251\/revisions\/13344"}],"wp:attachment":[{"href":"https:\/\/www.sbch.cl\/sitio\/wp-json\/wp\/v2\/media?parent=11251"}],"curies":[{"name":"wp","href":"https:\/\/api.w.org\/{rel}","templated":true}]}}